{"id":193,"date":"2020-01-05T20:03:49","date_gmt":"2020-01-05T20:03:49","guid":{"rendered":"https:\/\/kairon.at\/Kairon4\/?page_id=193"},"modified":"2023-08-03T15:57:26","modified_gmt":"2023-08-03T15:57:26","slug":"impressum","status":"publish","type":"page","link":"https:\/\/kairon.at\/Kairon4\/impressum\/","title":{"rendered":"Impressum"},"content":{"rendered":"\n<p>Mag. Kilian Sternad<br>Hochstra\u00dfe 11\/14<br>1230 Wien, \u00d6sterreich<\/p>\n\n\n\n<h3 class=\"wp-block-heading\">Lizenz<\/h3>\n\n\n\n<p>Ihre Lizenz ist mit dem iTunes Store, es gibt keine separate Lizenz mit Kairon K.S.<\/p>\n\n\n\n<h3 class=\"wp-block-heading\">Urheberrecht<\/h3>\n\n\n\n<p>Der gesamte Inhalt unserer Internetseiten ist nicht verpflichtend. Wir \u00fcbernehmen keinerlei Gew\u00e4hr da\u00df unsere Angaben fehlerfrei oder vollst\u00e4ndig sind. Wir zeigen uns f\u00fcr keinerlei Inhalte verantwortlich die sich auf Seiten befinden, zu denen von uns oder von denen zu uns verlinkt wurde &#8211; au\u00dfer wir bes\u00e4\u00dfen Kenntnis von irgendwelchen ungesetzlichen Inhalten und w\u00e4ren gleichzeitig in der Lage, unsere Besucher von deren Einsichtnahme abzuhalten. F\u00fcr Sch\u00e4den die bei der Betrachtung anderer Seiten autreten kann lediglich der Autor derselben zur Verantwortung gezogen werden, nicht derjenige, der durch einen Link auf dieselben verweist.<\/p>\n\n\n\n<p>Apple ist ein eingetragenes Markenzeichen von Apple Computer, Inc und Swiss Ephemeris ist ein eingetragenes Markenzeichen von Astrodienst Z\u00fcrich. Ebenso ist ACS ein eingetragenes Markenzeichen von Astro Communication Service in San Diego. Alle andere Markenzeichen werden hiermit ihren entsprechenden Eigent\u00fcmern zuerkannt.<\/p>\n\n\n\n<h3 class=\"wp-block-heading\">Wahrung der Privatsph\u00e4re<\/h3>\n\n\n\n<p>Kairon sammelt Daten von Kunden zur Marktforschung und f\u00fcr eigene Aktivit\u00e4ten. All diese Daten werden verschl\u00fcsselt aufbewahrt und nicht an dritte weitergegeben. Die Verwendung und Bezahlung aller Dienste &#8211; soweit dies technisch m\u00f6glich und sinnvoll ist &#8211; ist ohne Angabe pers\u00f6nlicher Daten oder unter vorgegebenen Namen erlaubt.<\/p>\n\n\n\n<p>Copyright \u00a9 1998-2023, Kairon K.S. Alle Rechte vorbehalten.<\/p>\n","protected":false},"excerpt":{"rendered":"<p>Mag. Kilian SternadHochstra\u00dfe 11\/141230 Wien, \u00d6sterreich Lizenz Ihre Lizenz ist mit dem iTunes Store, es gibt keine separate Lizenz mit Kairon K.S. Urheberrecht Der gesamte Inhalt unserer Internetseiten ist nicht verpflichtend. Wir \u00fcbernehmen keinerlei Gew\u00e4hr da\u00df unsere Angaben fehlerfrei oder vollst\u00e4ndig sind. Wir zeigen uns f\u00fcr keinerlei Inhalte verantwortlich die sich auf Seiten befinden, zu [&hellip;]<\/p>\n","protected":false},"author":1,"featured_media":0,"parent":0,"menu_order":4,"comment_status":"closed","ping_status":"closed","template":"","meta":{"footnotes":""},"class_list":["post-193","page","type-page","status-publish","hentry"],"_links":{"self":[{"href":"https:\/\/kairon.at\/Kairon4\/wp-json\/wp\/v2\/pages\/193","targetHints":{"allow":["GET"]}}],"collection":[{"href":"https:\/\/kairon.at\/Kairon4\/wp-json\/wp\/v2\/pages"}],"about":[{"href":"https:\/\/kairon.at\/Kairon4\/wp-json\/wp\/v2\/types\/page"}],"author":[{"embeddable":true,"href":"https:\/\/kairon.at\/Kairon4\/wp-json\/wp\/v2\/users\/1"}],"replies":[{"embeddable":true,"href":"https:\/\/kairon.at\/Kairon4\/wp-json\/wp\/v2\/comments?post=193"}],"version-history":[{"count":4,"href":"https:\/\/kairon.at\/Kairon4\/wp-json\/wp\/v2\/pages\/193\/revisions"}],"predecessor-version":[{"id":783,"href":"https:\/\/kairon.at\/Kairon4\/wp-json\/wp\/v2\/pages\/193\/revisions\/783"}],"wp:attachment":[{"href":"https:\/\/kairon.at\/Kairon4\/wp-json\/wp\/v2\/media?parent=193"}],"curies":[{"name":"wp","href":"https:\/\/api.w.org\/{rel}","templated":true}]}}